2/11 + 53/11. Suppose -24 = b*n - n. What are the prime factors of 1/((-42)/(-5484)) + n/(-14)?
131
Let n(p) = 4*p + 948. Let d(r) = 3*r + 951. Let z(g) = 3*d(g) - 2*n(g). List the prime factors of z(0).
3, 11, 29
Let c(a) = -a**2 + 2*a + 26. Let w be (-2)/(-5) + (-342)/(-45). Suppose -5*g = -w*g. List the prime factors of c(g).
2, 13
Let a be 3 - -6 - (-2 + 6). Suppose 3*t - 4*d + 570 = 5*t, -a*d + 25 = 0. What are the prime factors of t?
5, 11
Suppose v = -32 + 140. Suppose -4*z - v = -0*z. What are the prime factors of (-504)/z + 1/3?
19
Suppose 2*p - 33880 = -4*c, 135*p + 84688 = 140*p - 2*c. List the prime factors of p.
2, 3, 941
Let b(q) = 1401*q + 5. Let o be b(-1). Let i be o/(-14) - 8/(-28) - 0. Suppose 456 = 102*g - i*g. What are the prime factors of g?
2, 3, 19
Let r = -11828 + 18016. List the prime factors of r.
2, 7, 13, 17
Let p = 1263 + -158. Let u be (-2)/(2/13 + (-300)/p). Suppose 0 = -q + u + 66. List the prime factors of q.
83
Let d = 2 + -2. Let z(u) = u**3 + 2*u**2 - 42. Let n be z(d). What are the prime factors of (n/9 + 2)*60/(-8)?
2, 5
Let u(v) = 11*v**2 - 6*v - 112. Let d be u(-23). Suppose 9*y - d = -382. What are the prime factors of y?
607
Suppose 0 = 5*n + 2*o - 94706, 94685 = 5*n - 13*o + 18*o. List the prime factors of n.
2, 37
Let l(v) = -194*v**2 - 4*v + 6. Let g(u) = -u - 3. Let p be g(-5). Let c be l(p). What are the prime factors of c/(-10) - (-3)/15?
2, 3, 13
Let c(t) = -t**2 + 13*t - 18. Let z be c(13). Let n = z + 19. What are the prime factors of 130 + (n/4 - 27/12)?
2
Let u be (-8 + 3)/(2*1/(-386)). Let g = u - 504. List the prime factors of g.
461
Suppose -4*d + 274 = 5*a, -3*a + 162 = 18*d - 15*d. Suppose -2*k - m + 1816 = 0, -53*m + a*m - 1816 = -2*k. What are the prime factors of k?
2, 227
Let f(a) = 1563*a**3 - 50*a**2 + 91*a + 4. What are the prime factors of f(2)?
2, 5, 1249
What are the prime factors of (65013/(-78))/(0 + (-1)/4)?
2, 1667
Suppose -6*t = -5640 + 2208. Let r = t + -276. What are the prime factors of r?
2, 37
Let m = 36 + -30. What are the prime factors of m/(-27) - (-2396)/9?
2, 7, 19
Let o = 109 - 77. Suppose -2*j + 278 - o = 0. What are the prime factors of j?
3, 41
Suppose 0 = -3*g - x + 52734, 0 = -g + 5*x - 7480 + 25026. What are the prime factors of g?
2, 13
Suppose 0 = -10*a + 13*a - g - 34, 0 = a + 4*g + 6. List the prime factors of (a/(-15))/(-2)*531.
3, 59
Let l(d) = 2*d - 16. Let i be l(-13). Let o(b) = -4*b - 123. Let w be o(-30). List the prime factors of 1*(-1708)/i*w/(-2).
61
Let x(b) = b**3 - 80*b**2 + 555*b - 92. List the prime factors of x(76).
2, 3, 7, 113
Let q(f) = 40*f - 33. Let b be q(1). Suppose -m - g = -212 - b, -3 = 3*g. List the prime factors of m.
2, 5, 11
Let z(q) be the first derivative of -q**3/3 + q**2/2 + 4*q - 3. Let s be z(2). Suppose s*i - a = 265, -4*a - 136 = -i - 0*a. What are the prime factors of i?
2, 3, 11
List the prime factors of 5596 + (52 + 4)/4.
2, 3, 5, 11, 17
Let z be (-4)/22 + (-788)/22. Let n = 71 + z. Suppose 2*o - 2 = 2*s + 2, 5*s + 4*o - n = 0. What are the prime factors of s?
3
Let h = 15161 + -7394. List the prime factors of h.
3, 863
Suppose 13*b = 10*b + 138. Let d = b + -103. Let f = 87 + d. List the prime factors of f.
2, 3, 5
Suppose 314387 = 70*r - 232033. What are the prime factors of r?
2, 3, 1301
Let y = 102865 + -54609. What are the prime factors of y?
2, 13, 29
Suppose -4*r + 2*r + 536 = 2*n, -5*r = 2*n - 1334. Let i(c) = -45*c - 4. Let b be i(4). Let w = b + r. List the prime factors of w.
2, 41
Suppose 0 = 9*u - 5*u - 0*u. Suppose 7*p - p - 708 = u. List the prime factors of p.
2, 59
Suppose -331 = 15*y - 14*y. Let x be (8 - 3) + (-468)/(-1). Let c = y + x. List the prime factors of c.
2, 71
Suppose 8*a = 24*a - 522364 - 505700. List the prime factors of a.
2, 3, 10709
Suppose -2*r = -486 - 6250. Suppose r = -21*m + 23*m. Suppose 9*n - m + 352 = 0. List the prime factors of n.
2, 37
Suppose 5*k - 4*z + z - 5131 = 0, 2*k = 5*z + 2060. What are the prime factors of k?
5, 41
Suppose 2*m + 788 = 97*w - 94*w, -3*m = -6. List the prime factors of w.
2, 3, 11
Let w = 30 + -60. Let x be (10/12)/((-1)/w*5). Suppose 1146 = x*h - 74. List the prime factors of h.
2, 61
Suppose 2*p - 28 = 4*j + 432, 4 = 2*p. Let r be (j/(-16)*2)/((-2)/(-8)). What are the prime factors of (-174)/(-8)*532/r?
7, 29
Suppose -2*f + 5*n = f + 11, 2*n = 2. Let d(a) = 61*a**2 + 4*a - 1. Let c be d(f). Suppose 15*s - c = 10*s. What are the prime factors of s?
47
Suppose -5*a + 128 = -9*a + 4*z, -a - 4*z - 27 = 0. Let i(h) = h**3 + 31*h**2 - 4*h + 65. What are the prime factors of i(a)?
3, 7
Let l(k) = -k**3 + 37*k**2 - 51*k + 26. Let n be l(36). Let q = 858 + n. What are the prime factors of q?
2, 43
Let n be (0 + 4 + 4 + -4)/2. Let u(i) = -i**3 + 10*i - 5 + i - 5*i**n - 4 - 2*i. What are the prime factors of u(-9)?
2, 3, 13
Suppose 4 = r, -i = 3*r - 10 - 3. Let x be (i + (-17)/4)*4. What are the prime factors of (-3202)/(-26) - (-2)/x?
3, 41
Let p = 6030 + 11364. What are the prime factors of p?
2, 3, 13, 223
Suppose 2*x - 30864 = -5*h, -78*h - 4*x - 30882 = -83*h. List the prime factors of h.
2, 3, 7
Let x be (5 - 2) + 4/2 + -13. Let g be (-56)/(-3) - x/(-12). Suppose 5*p + 3 = g. What are the prime factors of p?
3
Let k(o) = 9*o + 43. Let p = 118 + -122. List the prime factors of k(p).
7
Let v = 114 - -76. Suppose -6*j - v - 62 = 0. Let t = j + 49. What are the prime factors of t?
7
Let i = 26 + -26. Suppose 2*x + 153 - 581 = i. Suppose 3*h = 3*d - 150, 0 = -5*d - 6*h + 2*h + x. List the prime factors of d.
2, 23
Suppose 0 = -5*x + 4*s + 93, -5*x - 4*s + 79 = -s. Suppose -5 = 4*g + 19. Let m = x + g. List the prime factors of m.
11
Suppose -2*l + l + k + 7 = 0, -5*l + 15 = -k. Suppose l*g - 332 = -x - 2*x, -436 = -4*x - 4*g. Let t = 11 + x. What are the prime factors of t?
5
Suppose p + 2 = 24. Suppose -p*r + 23*r - 2 = 0. Suppose 206 - 11 = 5*v + c, 4*v = r*c + 142. List the prime factors of v.
2, 19
Suppose -3*j = -j - 44. What are the prime factors of j/(20/3 - 6)?
3, 11
Let i(m) = m**2 + m + 6. Let q be i(-16). Suppose 0*k + q = 3*b - 3*k, -5*k - 167 = -2*b. List the prime factors of b.
3
Let u(q) = 3*q - 23. Let p be u(5). Let c(x) = 11*x**2 + 16*x + 5. What are the prime factors of c(p)?
7, 83
Suppose 0 = -8*n + 48 + 8. Suppose 0 = n*a - 6028 - 2477. What are the prime factors of a?
3, 5
Suppose 0 = -3*n - 9, 5*y - n - 74166 = -4*n. List the prime factors of y.
3, 5, 23, 43
Let p(t) = 590*t + 1078. What are the prime factors of p(63)?
2, 7, 683
Suppose -s + 101 = 3*p, 3*s + 3*p - 2*p - 295 = 0. Let f = -29 + s. List the prime factors of f.
3, 23
Suppose 0 = 24*p + 75*p - 5149121 - 2784244. What are the prime factors of p?
5, 11, 31, 47
Suppose -4*x + 97344 = 70*n - 66*n, -2*n + 48678 = x. What are the prime factors of n?
2, 3, 4057
Suppose 0 = 2*n - 67 + 11. Suppose 0 = -21*w + 22*w + n. What are the prime factors of ((-38)/8 - -2)*w?
7, 11
Suppose -2*i = i - 9. Suppose 0 = w - i*w - 4*q + 4, -5*q = 3*w - 5. What are the prime factors of 4/26 + w + (-26000)/(-169)?
2, 7, 11
Suppose -4*x + 6 = 3*y - 0*y, -x - 10 = -5*y. Suppose y*g - 744 = -g. List the prime factors of g.
2, 31
Suppose -5*z = -3*r - 1 - 11, -4*z + 15 = 3*r. Let w be (-1 - 9)*(-8)/16. Suppose z*q + 42 = w*q. List the prime factors of q.
3, 7
Suppose 3*q = -5*q + 496. Suppose 53*o = q*o - 4338. List the prime factors of o.
2, 241
Let u(m) = 31*m - 12. Let v(t) = 2*t**2 - 11*t + 12. Let n be v(6). List the prime factors of u(n).
2, 3, 7, 13
Let p(h) = 58*h - 6. Let n(u) = -u. Let s(w) = 3*n(w) + p(w). Let i = 29892 - 29891. List the prime factors of s(i).
7
What are the prime factors of 1053/2*(-448)/(-48)?
2, 3, 7, 13
Suppose 1 = -5*o + 6, -3*g - 3*o + 2091 = 0. Let s = 2182 - g. List the prime factors of s.
2, 743
Suppose -11*v = -33*v + 396. Suppose v*b - 6*b = 3696. What are the prime factors of b?
2, 7, 11
Let n be (-9)/(-15) - (-732)/(-20). Let o = -36 - n. Suppose o*w - 3*w + 177 = -2*y, w - y - 60 = 0. List the prime factors of w.
3, 19
Let z = 2472 + -1867. List the prime factors of z.
5, 11
List the prime factors of ((-610)/(-40) - -13)/(((-22)/1104)/(-11)).
2, 3, 23, 113
Let p(m) = m**2 + 627. Let l(o) = o**2 - 30*o - 31. Let u be l(31). What are the prime factor